{"id":6680,"date":"2024-02-08T10:59:56","date_gmt":"2024-02-08T08:59:56","guid":{"rendered":"https:\/\/www.rpmt.ee\/?page_id=6680"},"modified":"2024-04-04T07:15:33","modified_gmt":"2024-04-04T05:15:33","slug":"turbaloikaja","status":"publish","type":"page","link":"https:\/\/www.rpmt.ee\/?page_id=6680","title":{"rendered":"Turbal\u00f5ikaja"},"content":{"rendered":"\t\t<div data-elementor-type=\"wp-page\" data-elementor-id=\"6680\" class=\"elementor elementor-6680\">\n\t\t\t\t\t\t<section class=\"elementor-section elementor-top-section elementor-element elementor-element-52f4a5c elementor-section-boxed elementor-section-height-default elementor-section-height-default\" data-id=\"52f4a5c\" data-element_type=\"section\" data-e-type=\"section\">\n\t\t\t\t\t\t\t<div class=\"elementor-background-overlay\"><\/div>\n\t\t\t\t\t\t\t<div class=\"elementor-container elementor-column-gap-default\">\n\t\t\t\t\t<div class=\"elementor-column elementor-col-50 elementor-top-column elementor-element elementor-element-9c562b6 animated-fast elementor-invisible\" data-id=\"9c562b6\" data-element_type=\"column\" data-e-type=\"column\" data-settings=\"{&quot;animation&quot;:&quot;fadeInLeft&quot;}\">\n\t\t\t<div class=\"elementor-widget-wrap elementor-element-populated\">\n\t\t\t\t\t\t<div class=\"elementor-element elementor-element-701a531 elementor-widget elementor-widget-text-editor\" data-id=\"701a531\" data-element_type=\"widget\" data-e-type=\"widget\" data-widget_type=\"text-editor.default\">\n\t\t\t\t<div class=\"elementor-widget-container\">\n\t\t\t\t\t\t\t\t\t<p>Turbal\u00f5ikur sobib traktorile alates 40kW.<br \/>Selle toote boonuseks on kaks \u00fches funktsioon: seade l\u00f5ikab pinnasest kihi turvas ja samal ajal ka kaarutab seda. Seadme haakeseadme k\u00fcljes on veepaak, mis v\u00f5imaldab kiiret reageerimist v\u00f5imaliku tuleohtliku olukorra tekkimisel.<\/p><p><strong style=\"font-size: 19px; text-align: inherit;\">Tehniline info:<\/strong><\/p><ul><li>Raam: keevitatud teraskonstruktsioon<\/li><li>H\u00fcdraulika: 2 h\u00fcdrosilindrit<\/li><li>T\u00f6\u00f6laius: 9.035m (t\u00e4ispikkus avatud olekus)<\/li><li>Seadme maapinnaga kokku puutuvatel kuluosadel on kasutatud HARDOXit<\/li><li>Kaal: 1160kg<\/li><\/ul>\t\t\t\t\t\t\t\t<\/div>\n\t\t\t\t<\/div>\n\t\t\t\t\t<\/div>\n\t\t<\/div>\n\t\t\t\t<div class=\"elementor-column elementor-col-50 elementor-top-column elementor-element elementor-element-217fd67 animated-fast elementor-invisible\" data-id=\"217fd67\" data-element_type=\"column\" data-e-type=\"column\" data-settings=\"{&quot;animation&quot;:&quot;fadeInRight&quot;}\">\n\t\t\t<div class=\"elementor-widget-wrap elementor-element-populated\">\n\t\t\t\t\t\t<div class=\"elementor-element elementor-element-648fb95 elementor-widget elementor-widget-image\" data-id=\"648fb95\" data-element_type=\"widget\" data-e-type=\"widget\" data-widget_type=\"image.default\">\n\t\t\t\t<div class=\"elementor-widget-container\">\n\t\t\t\t\t\t\t\t\t\t\t\t\t\t\t<img fetchpriority=\"high\" decoding=\"async\" width=\"600\" height=\"450\" src=\"https:\/\/www.rpmt.ee\/wp-content\/uploads\/2024\/02\/turbaloikaja-1024x768.jpg\" class=\"attachment-large size-large wp-image-6801\" alt=\"\" srcset=\"https:\/\/www.rpmt.ee\/wp-content\/uploads\/2024\/02\/turbaloikaja-1024x768.jpg 1024w, https:\/\/www.rpmt.ee\/wp-content\/uploads\/2024\/02\/turbaloikaja-300x225.jpg 300w, https:\/\/www.rpmt.ee\/wp-content\/uploads\/2024\/02\/turbaloikaja-768x576.jpg 768w, https:\/\/www.rpmt.ee\/wp-content\/uploads\/2024\/02\/turbaloikaja-1536x1152.jpg 1536w, https:\/\/www.rpmt.ee\/wp-content\/uploads\/2024\/02\/turbaloikaja.jpg 1600w\" sizes=\"(max-width: 600px) 100vw, 600px\" \/>\t\t\t\t\t\t\t\t\t\t\t\t\t\t\t<\/div>\n\t\t\t\t<\/div>\n\t\t\t\t<div class=\"elementor-element elementor-element-35d4111 elementor-icon-list--layout-inline elementor-align-start elementor-mobile-align-start elementor-list-item-link-full_width elementor-widget elementor-widget-icon-list\" data-id=\"35d4111\" data-element_type=\"widget\" data-e-type=\"widget\" data-widget_type=\"icon-list.default\">\n\t\t\t\t<div class=\"elementor-widget-container\">\n\t\t\t\t\t\t\t<ul class=\"elementor-icon-list-items elementor-inline-items\">\n\t\t\t\t\t\t\t<li class=\"elementor-icon-list-item elementor-inline-item\">\n\t\t\t\t\t\t\t\t\t\t\t<a href=\"https:\/\/www.rpmt.ee\/wp-content\/uploads\/2024\/02\/turbaloikaja-eskiis.pdf\">\n\n\t\t\t\t\t\t\t\t\t\t\t\t<span class=\"elementor-icon-list-icon\">\n\t\t\t\t\t\t\t<i aria-hidden=\"true\" class=\"far fa-object-group\"><\/i>\t\t\t\t\t\t<\/span>\n\t\t\t\t\t\t\t\t\t\t<span class=\"elementor-icon-list-text\">Eskiis<\/span>\n\t\t\t\t\t\t\t\t\t\t\t<\/a>\n\t\t\t\t\t\t\t\t\t<\/li>\n\t\t\t\t\t\t\t\t<li class=\"elementor-icon-list-item elementor-inline-item\">\n\t\t\t\t\t\t\t\t\t\t\t<a href=\"https:\/\/www.rpmt.ee\/?page_id=5610\">\n\n\t\t\t\t\t\t\t\t\t\t\t\t<span class=\"elementor-icon-list-icon\">\n\t\t\t\t\t\t\t<i aria-hidden=\"true\" class=\"far fa-envelope\"><\/i>\t\t\t\t\t\t<\/span>\n\t\t\t\t\t\t\t\t\t\t<span class=\"elementor-icon-list-text\">V\u00f5ta \u00fchendust!<\/span>\n\t\t\t\t\t\t\t\t\t\t\t<\/a>\n\t\t\t\t\t\t\t\t\t<\/li>\n\t\t\t\t\t\t<\/ul>\n\t\t\t\t\t\t<\/div>\n\t\t\t\t<\/div>\n\t\t\t\t\t<\/div>\n\t\t<\/div>\n\t\t\t\t\t<\/div>\n\t\t<\/section>\n\t\t\t\t<\/div>\n\t\t","protected":false},"excerpt":{"rendered":"<p>Turbal\u00f5ikur sobib traktorile alates 40kW.Selle toote boonuseks on kaks \u00fches funktsioon: seade l\u00f5ikab pinnasest kihi turvas ja samal ajal ka kaarutab seda. Seadme haakeseadme k\u00fcljes on veepaak, mis v\u00f5imaldab kiiret reageerimist v\u00f5imaliku tuleohtliku olukorra tekkimisel. Tehniline info: Raam: keevitatud teraskonstruktsioon H\u00fcdraulika: 2 h\u00fcdrosilindrit T\u00f6\u00f6laius: 9.035m (t\u00e4ispikkus avatud<\/p>\n","protected":false},"author":1,"featured_media":0,"parent":0,"menu_order":0,"comment_status":"closed","ping_status":"closed","template":"","meta":{"footnotes":""},"class_list":["post-6680","page","type-page","status-publish","hentry"],"lang":"et","translations":{"en":6844,"et":6680},"pll_sync_post":[],"_links":{"self":[{"href":"https:\/\/www.rpmt.ee\/index.php?rest_route=\/wp\/v2\/pages\/6680","targetHints":{"allow":["GET"]}}],"collection":[{"href":"https:\/\/www.rpmt.ee\/index.php?rest_route=\/wp\/v2\/pages"}],"about":[{"href":"https:\/\/www.rpmt.ee\/index.php?rest_route=\/wp\/v2\/types\/page"}],"author":[{"embeddable":true,"href":"https:\/\/www.rpmt.ee\/index.php?rest_route=\/wp\/v2\/users\/1"}],"replies":[{"embeddable":true,"href":"https:\/\/www.rpmt.ee\/index.php?rest_route=%2Fwp%2Fv2%2Fcomments&post=6680"}],"version-history":[{"count":22,"href":"https:\/\/www.rpmt.ee\/index.php?rest_route=\/wp\/v2\/pages\/6680\/revisions"}],"predecessor-version":[{"id":7565,"href":"https:\/\/www.rpmt.ee\/index.php?rest_route=\/wp\/v2\/pages\/6680\/revisions\/7565"}],"wp:attachment":[{"href":"https:\/\/www.rpmt.ee\/index.php?rest_route=%2Fwp%2Fv2%2Fmedia&parent=6680"}],"curies":[{"name":"wp","href":"https:\/\/api.w.org\/{rel}","templated":true}]}}