{"id":6678,"date":"2024-02-08T10:59:46","date_gmt":"2024-02-08T08:59:46","guid":{"rendered":"https:\/\/www.rpmt.ee\/?page_id=6678"},"modified":"2024-04-04T07:13:05","modified_gmt":"2024-04-04T05:13:05","slug":"turbaveohaagis","status":"publish","type":"page","link":"https:\/\/www.rpmt.ee\/?page_id=6678","title":{"rendered":"Turbaveohaagis 40m\u00b3"},"content":{"rendered":"\t\t<div data-elementor-type=\"wp-page\" data-elementor-id=\"6678\" class=\"elementor elementor-6678\">\n\t\t\t\t\t\t<section class=\"elementor-section elementor-top-section elementor-element elementor-element-57d71cd elementor-section-boxed elementor-section-height-default elementor-section-height-default\" data-id=\"57d71cd\" data-element_type=\"section\" data-e-type=\"section\">\n\t\t\t\t\t\t\t<div class=\"elementor-background-overlay\"><\/div>\n\t\t\t\t\t\t\t<div class=\"elementor-container elementor-column-gap-default\">\n\t\t\t\t\t<div class=\"elementor-column elementor-col-50 elementor-top-column elementor-element elementor-element-2f8936d animated-fast elementor-invisible\" data-id=\"2f8936d\" data-element_type=\"column\" data-e-type=\"column\" data-settings=\"{&quot;animation&quot;:&quot;fadeInLeft&quot;}\">\n\t\t\t<div class=\"elementor-widget-wrap elementor-element-populated\">\n\t\t\t\t\t\t<div class=\"elementor-element elementor-element-ee42183 elementor-widget elementor-widget-text-editor\" data-id=\"ee42183\" data-element_type=\"widget\" data-e-type=\"widget\" data-widget_type=\"text-editor.default\">\n\t\t\t\t<div class=\"elementor-widget-container\">\n\t\t\t\t\t\t\t\t\t<p>Turbaveohaagis 40m\u00b3 on sobiv traktorile v\u00f5imsusega alates 165hj. Turbaveohaagis on turbav\u00e4ljakutel turba veoks m\u00f5eldud traktori haakes j\u00e4relveetav seade.<\/p><p>Oleme v\u00e4lja t\u00f6\u00f6tanud ka j\u00e4tkatava variandi, kus k\u00e4rusid saab rohkem \u00fcksteise j\u00e4rgi haakida.<\/p><p><strong>Tehniline info:<\/strong><\/p><ul><li>Raam: keevitatud teraskonstruktsioon<\/li><li>H\u00fcdraulika: neli h\u00fcdrosilindrit (2+2) ning h\u00fcdrotorustik<\/li><li>Max. lubatud kiirus: 40 km\/h<\/li><li>Maha laadimine: k\u00fcljele<\/li><li>Kandev\u00f5ime: 17 900kg<\/li><\/ul>\t\t\t\t\t\t\t\t<\/div>\n\t\t\t\t<\/div>\n\t\t\t\t\t<\/div>\n\t\t<\/div>\n\t\t\t\t<div class=\"elementor-column elementor-col-50 elementor-top-column elementor-element elementor-element-e8efc6c animated-fast elementor-invisible\" data-id=\"e8efc6c\" data-element_type=\"column\" data-e-type=\"column\" data-settings=\"{&quot;animation&quot;:&quot;fadeInRight&quot;}\">\n\t\t\t<div class=\"elementor-widget-wrap elementor-element-populated\">\n\t\t\t\t\t\t<div class=\"elementor-element elementor-element-ad3ac02 elementor-widget elementor-widget-image\" data-id=\"ad3ac02\" data-element_type=\"widget\" data-e-type=\"widget\" data-widget_type=\"image.default\">\n\t\t\t\t<div class=\"elementor-widget-container\">\n\t\t\t\t\t\t\t\t\t\t\t\t\t\t\t<img fetchpriority=\"high\" decoding=\"async\" width=\"600\" height=\"450\" src=\"https:\/\/www.rpmt.ee\/wp-content\/uploads\/2022\/06\/Turbaveokaru-40m\u00b3-Peat-trailer-40cbm-1024x768.jpg\" class=\"attachment-large size-large wp-image-6302\" alt=\"\" srcset=\"https:\/\/www.rpmt.ee\/wp-content\/uploads\/2022\/06\/Turbaveokaru-40m\u00b3-Peat-trailer-40cbm-1024x768.jpg 1024w, https:\/\/www.rpmt.ee\/wp-content\/uploads\/2022\/06\/Turbaveokaru-40m\u00b3-Peat-trailer-40cbm-300x225.jpg 300w, https:\/\/www.rpmt.ee\/wp-content\/uploads\/2022\/06\/Turbaveokaru-40m\u00b3-Peat-trailer-40cbm-768x576.jpg 768w, https:\/\/www.rpmt.ee\/wp-content\/uploads\/2022\/06\/Turbaveokaru-40m\u00b3-Peat-trailer-40cbm-1536x1152.jpg 1536w, https:\/\/www.rpmt.ee\/wp-content\/uploads\/2022\/06\/Turbaveokaru-40m\u00b3-Peat-trailer-40cbm.jpg 1600w\" sizes=\"(max-width: 600px) 100vw, 600px\" \/>\t\t\t\t\t\t\t\t\t\t\t\t\t\t\t<\/div>\n\t\t\t\t<\/div>\n\t\t\t\t<div class=\"elementor-element elementor-element-143d2bc elementor-widget elementor-widget-image-gallery\" data-id=\"143d2bc\" data-element_type=\"widget\" data-e-type=\"widget\" data-widget_type=\"image-gallery.default\">\n\t\t\t\t<div class=\"elementor-widget-container\">\n\t\t\t\t\t\t\t<div class=\"elementor-image-gallery\">\n\t\t\t\n\t\t<style type=\"text\/css\">\n\t\t\t#gallery-1 {\n\t\t\t\tmargin: auto;\n\t\t\t}\n\t\t\t#gallery-1 .gallery-item {\n\t\t\t\tfloat: left;\n\t\t\t\tmargin-top: 10px;\n\t\t\t\ttext-align: center;\n\t\t\t\twidth: 25%;\n\t\t\t}\n\t\t\t#gallery-1 img {\n\t\t\t\tborder: 2px solid #cfcfcf;\n\t\t\t}\n\t\t\t#gallery-1 .gallery-caption {\n\t\t\t\tmargin-left: 0;\n\t\t\t}\n\t\t\t\/* see gallery_shortcode() in wp-includes\/media.php *\/\n\t\t<\/style>\n\t\t<div id='gallery-1' class='gallery galleryid-6678 gallery-columns-4 gallery-size-thumbnail'><dl class='gallery-item'>\n\t\t\t<dt class='gallery-icon landscape'>\n\t\t\t\t<a data-elementor-open-lightbox=\"yes\" data-elementor-lightbox-slideshow=\"143d2bc\" data-e-action-hash=\"#elementor-action%3Aaction%3Dlightbox%26settings%3DeyJpZCI6NjMwMiwidXJsIjoiaHR0cHM6XC9cL3d3dy5ycG10LmVlXC93cC1jb250ZW50XC91cGxvYWRzXC8yMDIyXC8wNlwvVHVyYmF2ZW9rYXJ1LTQwbVx1MDBiMy1QZWF0LXRyYWlsZXItNDBjYm0uanBnIiwic2xpZGVzaG93IjoiMTQzZDJiYyJ9\" href='https:\/\/www.rpmt.ee\/wp-content\/uploads\/2022\/06\/Turbaveokaru-40m\u00b3-Peat-trailer-40cbm.jpg'><img decoding=\"async\" width=\"150\" height=\"150\" src=\"https:\/\/www.rpmt.ee\/wp-content\/uploads\/2022\/06\/Turbaveokaru-40m\u00b3-Peat-trailer-40cbm-150x150.jpg\" class=\"attachment-thumbnail size-thumbnail\" alt=\"\" \/><\/a>\n\t\t\t<\/dt><\/dl><dl class='gallery-item'>\n\t\t\t<dt class='gallery-icon landscape'>\n\t\t\t\t<a data-elementor-open-lightbox=\"yes\" data-elementor-lightbox-slideshow=\"143d2bc\" data-e-action-hash=\"#elementor-action%3Aaction%3Dlightbox%26settings%3DeyJpZCI6Njk4NCwidXJsIjoiaHR0cHM6XC9cL3d3dy5ycG10LmVlXC93cC1jb250ZW50XC91cGxvYWRzXC8yMDI0XC8wMlwvSU1HXzE4MDIuanBnIiwic2xpZGVzaG93IjoiMTQzZDJiYyJ9\" href='https:\/\/www.rpmt.ee\/wp-content\/uploads\/2024\/02\/IMG_1802.jpg'><img decoding=\"async\" width=\"150\" height=\"150\" src=\"https:\/\/www.rpmt.ee\/wp-content\/uploads\/2024\/02\/IMG_1802-150x150.jpg\" class=\"attachment-thumbnail size-thumbnail\" alt=\"\" \/><\/a>\n\t\t\t<\/dt><\/dl><dl class='gallery-item'>\n\t\t\t<dt class='gallery-icon portrait'>\n\t\t\t\t<a data-elementor-open-lightbox=\"yes\" data-elementor-lightbox-slideshow=\"143d2bc\" data-e-action-hash=\"#elementor-action%3Aaction%3Dlightbox%26settings%3DeyJpZCI6Njc0MCwidXJsIjoiaHR0cHM6XC9cL3d3dy5ycG10LmVlXC93cC1jb250ZW50XC91cGxvYWRzXC8yMDI0XC8wMlwvdHVyYmFoYWFnaXMtaGFha2Vrb25rc3VnYV9ycG10LmpwZyIsInNsaWRlc2hvdyI6IjE0M2QyYmMifQ%3D%3D\" href='https:\/\/www.rpmt.ee\/wp-content\/uploads\/2024\/02\/turbahaagis-haakekonksuga_rpmt.jpg'><img loading=\"lazy\" decoding=\"async\" width=\"150\" height=\"150\" src=\"https:\/\/www.rpmt.ee\/wp-content\/uploads\/2024\/02\/turbahaagis-haakekonksuga_rpmt-150x150.jpg\" class=\"attachment-thumbnail size-thumbnail\" alt=\"\" \/><\/a>\n\t\t\t<\/dt><\/dl><dl class='gallery-item'>\n\t\t\t<dt class='gallery-icon landscape'>\n\t\t\t\t<a data-elementor-open-lightbox=\"yes\" data-elementor-lightbox-slideshow=\"143d2bc\" data-e-action-hash=\"#elementor-action%3Aaction%3Dlightbox%26settings%3DeyJpZCI6Njc0MSwidXJsIjoiaHR0cHM6XC9cL3d3dy5ycG10LmVlXC93cC1jb250ZW50XC91cGxvYWRzXC8yMDI0XC8wMlwvdHVyYmF2ZW9oYWFnaXMyX3JwbXQuanBnLmpwZyIsInNsaWRlc2hvdyI6IjE0M2QyYmMifQ%3D%3D\" href='https:\/\/www.rpmt.ee\/wp-content\/uploads\/2024\/02\/turbaveohaagis2_rpmt.jpg.jpg'><img loading=\"lazy\" decoding=\"async\" width=\"150\" height=\"150\" src=\"https:\/\/www.rpmt.ee\/wp-content\/uploads\/2024\/02\/turbaveohaagis2_rpmt.jpg-150x150.jpg\" class=\"attachment-thumbnail size-thumbnail\" alt=\"\" \/><\/a>\n\t\t\t<\/dt><\/dl><br style=\"clear: both\" \/>\n\t\t<\/div>\n\t\t<\/div>\n\t\t\t\t\t\t<\/div>\n\t\t\t\t<\/div>\n\t\t\t\t<div class=\"elementor-element elementor-element-e0f1020 elementor-widget-divider--view-line elementor-widget elementor-widget-divider\" data-id=\"e0f1020\" data-element_type=\"widget\" data-e-type=\"widget\" data-widget_type=\"divider.default\">\n\t\t\t\t<div class=\"elementor-widget-container\">\n\t\t\t\t\t\t\t<div class=\"elementor-divider\">\n\t\t\t<span class=\"elementor-divider-separator\">\n\t\t\t\t\t\t<\/span>\n\t\t<\/div>\n\t\t\t\t\t\t<\/div>\n\t\t\t\t<\/div>\n\t\t\t\t<div class=\"elementor-element elementor-element-8e8a334 elementor-icon-list--layout-inline elementor-align-start elementor-mobile-align-start elementor-list-item-link-full_width elementor-widget elementor-widget-icon-list\" data-id=\"8e8a334\" data-element_type=\"widget\" data-e-type=\"widget\" data-widget_type=\"icon-list.default\">\n\t\t\t\t<div class=\"elementor-widget-container\">\n\t\t\t\t\t\t\t<ul class=\"elementor-icon-list-items elementor-inline-items\">\n\t\t\t\t\t\t\t<li class=\"elementor-icon-list-item elementor-inline-item\">\n\t\t\t\t\t\t\t\t\t\t\t<a href=\"https:\/\/www.rpmt.ee\/wp-content\/uploads\/2024\/02\/TH-40m3-turbaveohaagis.pdf\">\n\n\t\t\t\t\t\t\t\t\t\t\t\t<span class=\"elementor-icon-list-icon\">\n\t\t\t\t\t\t\t<i aria-hidden=\"true\" class=\"far fa-object-group\"><\/i>\t\t\t\t\t\t<\/span>\n\t\t\t\t\t\t\t\t\t\t<span class=\"elementor-icon-list-text\">Eskiis<\/span>\n\t\t\t\t\t\t\t\t\t\t\t<\/a>\n\t\t\t\t\t\t\t\t\t<\/li>\n\t\t\t\t\t\t\t\t<li class=\"elementor-icon-list-item elementor-inline-item\">\n\t\t\t\t\t\t\t\t\t\t\t<a href=\"https:\/\/www.rpmt.ee\/?page_id=5610\">\n\n\t\t\t\t\t\t\t\t\t\t\t\t<span class=\"elementor-icon-list-icon\">\n\t\t\t\t\t\t\t<i aria-hidden=\"true\" class=\"far fa-envelope\"><\/i>\t\t\t\t\t\t<\/span>\n\t\t\t\t\t\t\t\t\t\t<span class=\"elementor-icon-list-text\">V\u00f5ta \u00fchendust!<\/span>\n\t\t\t\t\t\t\t\t\t\t\t<\/a>\n\t\t\t\t\t\t\t\t\t<\/li>\n\t\t\t\t\t\t<\/ul>\n\t\t\t\t\t\t<\/div>\n\t\t\t\t<\/div>\n\t\t\t\t\t<\/div>\n\t\t<\/div>\n\t\t\t\t\t<\/div>\n\t\t<\/section>\n\t\t\t\t<\/div>\n\t\t","protected":false},"excerpt":{"rendered":"<p>Turbaveohaagis 40m\u00b3 on sobiv traktorile v\u00f5imsusega alates 165hj. Turbaveohaagis on turbav\u00e4ljakutel turba veoks m\u00f5eldud traktori haakes j\u00e4relveetav seade. Oleme v\u00e4lja t\u00f6\u00f6tanud ka j\u00e4tkatava variandi, kus k\u00e4rusid saab rohkem \u00fcksteise j\u00e4rgi haakida. Tehniline info: Raam: keevitatud teraskonstruktsioon H\u00fcdraulika: neli h\u00fcdrosilindrit (2+2) ning h\u00fcdrotorustik Max. lubatud kiirus: 40 km\/h<\/p>\n","protected":false},"author":1,"featured_media":0,"parent":0,"menu_order":0,"comment_status":"closed","ping_status":"closed","template":"","meta":{"footnotes":""},"class_list":["post-6678","page","type-page","status-publish","hentry"],"lang":"et","translations":{"en":6842,"et":6678},"pll_sync_post":[],"_links":{"self":[{"href":"https:\/\/www.rpmt.ee\/index.php?rest_route=\/wp\/v2\/pages\/6678","targetHints":{"allow":["GET"]}}],"collection":[{"href":"https:\/\/www.rpmt.ee\/index.php?rest_route=\/wp\/v2\/pages"}],"about":[{"href":"https:\/\/www.rpmt.ee\/index.php?rest_route=\/wp\/v2\/types\/page"}],"author":[{"embeddable":true,"href":"https:\/\/www.rpmt.ee\/index.php?rest_route=\/wp\/v2\/users\/1"}],"replies":[{"embeddable":true,"href":"https:\/\/www.rpmt.ee\/index.php?rest_route=%2Fwp%2Fv2%2Fcomments&post=6678"}],"version-history":[{"count":65,"href":"https:\/\/www.rpmt.ee\/index.php?rest_route=\/wp\/v2\/pages\/6678\/revisions"}],"predecessor-version":[{"id":7538,"href":"https:\/\/www.rpmt.ee\/index.php?rest_route=\/wp\/v2\/pages\/6678\/revisions\/7538"}],"wp:attachment":[{"href":"https:\/\/www.rpmt.ee\/index.php?rest_route=%2Fwp%2Fv2%2Fmedia&parent=6678"}],"curies":[{"name":"wp","href":"https:\/\/api.w.org\/{rel}","templated":true}]}}