{"id":6674,"date":"2024-02-08T10:59:20","date_gmt":"2024-02-08T08:59:20","guid":{"rendered":"https:\/\/www.rpmt.ee\/?page_id=6674"},"modified":"2024-04-04T07:13:38","modified_gmt":"2024-04-04T05:13:38","slug":"purustusrees","status":"publish","type":"page","link":"https:\/\/www.rpmt.ee\/?page_id=6674","title":{"rendered":"Purustusrees PF-1"},"content":{"rendered":"\t\t<div data-elementor-type=\"wp-page\" data-elementor-id=\"6674\" class=\"elementor elementor-6674\">\n\t\t\t\t\t\t<section class=\"elementor-section elementor-top-section elementor-element elementor-element-7337c9c elementor-section-boxed elementor-section-height-default elementor-section-height-default\" data-id=\"7337c9c\" data-element_type=\"section\" data-e-type=\"section\">\n\t\t\t\t\t\t\t<div class=\"elementor-background-overlay\"><\/div>\n\t\t\t\t\t\t\t<div class=\"elementor-container elementor-column-gap-default\">\n\t\t\t\t\t<div class=\"elementor-column elementor-col-50 elementor-top-column elementor-element elementor-element-74384b3 animated-fast elementor-invisible\" data-id=\"74384b3\" data-element_type=\"column\" data-e-type=\"column\" data-settings=\"{&quot;animation&quot;:&quot;fadeInLeft&quot;}\">\n\t\t\t<div class=\"elementor-widget-wrap elementor-element-populated\">\n\t\t\t\t\t\t<div class=\"elementor-element elementor-element-df50f2d elementor-widget elementor-widget-text-editor\" data-id=\"df50f2d\" data-element_type=\"widget\" data-e-type=\"widget\" data-widget_type=\"text-editor.default\">\n\t\t\t\t<div class=\"elementor-widget-container\">\n\t\t\t\t\t\t\t\t\t<p>Purustusfrees PF-1 sobib ekskavaatorile massiga alates 21t.\u00a0<span style=\"font-size: 19px; text-align: inherit;\">Baasmasinale peab olema paigaldatud \u201eRoksoni\u201c s\u00fcsteem, mis tagab seadme seiskamisel trumli vaba jooksu. Samuti peab baasmasin v\u00f5imaldama purustusfreesi mootori drenaa\u017ei \u00fchendamist baasmasina tagasivoolu h\u00fcdropaaki.<\/span><\/p><p>M\u00f5eldud v\u00f5sa ja k\u00fclmunud turba purustamiseks temperatuurivahemikus -20 \u2026 +45\u00b0C (temperatuuri v\u00f5ib piirata kasutatav h\u00fcdraulikavedelik).<\/p><p><b>Tehnilised andmed:<\/b><\/p><ul><li>Raam: keevitatud teraskonstruktsioon<\/li><li>H\u00fcdraulika: mootor ja j\u00f5u\u00fclekandeseadmed on kaitstud v\u00f5imsuse reguleerimisklapiga<\/li><li>J\u00f5u\u00fclekanne: kiilrihmad<\/li><li>T\u00f6\u00f6laius: 1,35m<\/li><li>Seadme gabariidid: 1,62&#215;1,2&#215;0,9m.<\/li><li>Kaal: 900kg<\/li><li>Tootlikkus: ca 2500 \u2013 3000m\u00b3\/p\u00e4evas<\/li><li>Purustatud materjali fraktsioon: 0-35mm<\/li><\/ul>\t\t\t\t\t\t\t\t<\/div>\n\t\t\t\t<\/div>\n\t\t\t\t\t<\/div>\n\t\t<\/div>\n\t\t\t\t<div class=\"elementor-column elementor-col-50 elementor-top-column elementor-element elementor-element-b35c999 animated-fast elementor-invisible\" data-id=\"b35c999\" data-element_type=\"column\" data-e-type=\"column\" data-settings=\"{&quot;animation&quot;:&quot;fadeInRight&quot;}\">\n\t\t\t<div class=\"elementor-widget-wrap elementor-element-populated\">\n\t\t\t\t\t\t<div class=\"elementor-element elementor-element-2d1c97d elementor-widget elementor-widget-image\" data-id=\"2d1c97d\" data-element_type=\"widget\" data-e-type=\"widget\" data-widget_type=\"image.default\">\n\t\t\t\t<div class=\"elementor-widget-container\">\n\t\t\t\t\t\t\t\t\t\t\t\t\t\t\t<img fetchpriority=\"high\" decoding=\"async\" width=\"600\" height=\"450\" src=\"https:\/\/www.rpmt.ee\/wp-content\/uploads\/2022\/06\/Purustusfrees-PF-1-Milling-cutter-PF-1-1024x768.jpg\" class=\"attachment-large size-large wp-image-6281\" alt=\"\" srcset=\"https:\/\/www.rpmt.ee\/wp-content\/uploads\/2022\/06\/Purustusfrees-PF-1-Milling-cutter-PF-1-1024x768.jpg 1024w, https:\/\/www.rpmt.ee\/wp-content\/uploads\/2022\/06\/Purustusfrees-PF-1-Milling-cutter-PF-1-300x225.jpg 300w, https:\/\/www.rpmt.ee\/wp-content\/uploads\/2022\/06\/Purustusfrees-PF-1-Milling-cutter-PF-1-768x576.jpg 768w, https:\/\/www.rpmt.ee\/wp-content\/uploads\/2022\/06\/Purustusfrees-PF-1-Milling-cutter-PF-1-1536x1152.jpg 1536w, https:\/\/www.rpmt.ee\/wp-content\/uploads\/2022\/06\/Purustusfrees-PF-1-Milling-cutter-PF-1.jpg 1600w\" sizes=\"(max-width: 600px) 100vw, 600px\" \/>\t\t\t\t\t\t\t\t\t\t\t\t\t\t\t<\/div>\n\t\t\t\t<\/div>\n\t\t\t\t<div class=\"elementor-element elementor-element-07b5d73 elementor-widget elementor-widget-image-gallery\" data-id=\"07b5d73\" data-element_type=\"widget\" data-e-type=\"widget\" data-widget_type=\"image-gallery.default\">\n\t\t\t\t<div class=\"elementor-widget-container\">\n\t\t\t\t\t\t\t<div class=\"elementor-image-gallery\">\n\t\t\t\n\t\t<style type=\"text\/css\">\n\t\t\t#gallery-1 {\n\t\t\t\tmargin: auto;\n\t\t\t}\n\t\t\t#gallery-1 .gallery-item {\n\t\t\t\tfloat: left;\n\t\t\t\tmargin-top: 10px;\n\t\t\t\ttext-align: center;\n\t\t\t\twidth: 25%;\n\t\t\t}\n\t\t\t#gallery-1 img {\n\t\t\t\tborder: 2px solid #cfcfcf;\n\t\t\t}\n\t\t\t#gallery-1 .gallery-caption {\n\t\t\t\tmargin-left: 0;\n\t\t\t}\n\t\t\t\/* see gallery_shortcode() in wp-includes\/media.php *\/\n\t\t<\/style>\n\t\t<div id='gallery-1' class='gallery galleryid-6674 gallery-columns-4 gallery-size-thumbnail'><dl class='gallery-item'>\n\t\t\t<dt class='gallery-icon landscape'>\n\t\t\t\t<a data-elementor-open-lightbox=\"yes\" data-elementor-lightbox-slideshow=\"07b5d73\" data-e-action-hash=\"#elementor-action%3Aaction%3Dlightbox%26settings%3DeyJpZCI6NjI4MSwidXJsIjoiaHR0cHM6XC9cL3d3dy5ycG10LmVlXC93cC1jb250ZW50XC91cGxvYWRzXC8yMDIyXC8wNlwvUHVydXN0dXNmcmVlcy1QRi0xLU1pbGxpbmctY3V0dGVyLVBGLTEuanBnIiwic2xpZGVzaG93IjoiMDdiNWQ3MyJ9\" href='https:\/\/www.rpmt.ee\/wp-content\/uploads\/2022\/06\/Purustusfrees-PF-1-Milling-cutter-PF-1.jpg'><img decoding=\"async\" width=\"150\" height=\"150\" src=\"https:\/\/www.rpmt.ee\/wp-content\/uploads\/2022\/06\/Purustusfrees-PF-1-Milling-cutter-PF-1-150x150.jpg\" class=\"attachment-thumbnail size-thumbnail\" alt=\"\" \/><\/a>\n\t\t\t<\/dt><\/dl><dl class='gallery-item'>\n\t\t\t<dt class='gallery-icon landscape'>\n\t\t\t\t<a data-elementor-open-lightbox=\"yes\" data-elementor-lightbox-slideshow=\"07b5d73\" data-e-action-hash=\"#elementor-action%3Aaction%3Dlightbox%26settings%3DeyJpZCI6NjI3OSwidXJsIjoiaHR0cHM6XC9cL3d3dy5ycG10LmVlXC93cC1jb250ZW50XC91cGxvYWRzXC8yMDIyXC8wNlwvTWlsbGluZy1jdXR0ZXItUEYxLVB1cnVzdHVzZnJlZXMtUEYtMS5qcGciLCJzbGlkZXNob3ciOiIwN2I1ZDczIn0%3D\" href='https:\/\/www.rpmt.ee\/wp-content\/uploads\/2022\/06\/Milling-cutter-PF1-Purustusfrees-PF-1.jpg'><img decoding=\"async\" width=\"150\" height=\"150\" src=\"https:\/\/www.rpmt.ee\/wp-content\/uploads\/2022\/06\/Milling-cutter-PF1-Purustusfrees-PF-1-150x150.jpg\" class=\"attachment-thumbnail size-thumbnail\" alt=\"\" \/><\/a>\n\t\t\t<\/dt><\/dl><dl class='gallery-item'>\n\t\t\t<dt class='gallery-icon landscape'>\n\t\t\t\t<a data-elementor-open-lightbox=\"yes\" data-elementor-lightbox-slideshow=\"07b5d73\" data-e-action-hash=\"#elementor-action%3Aaction%3Dlightbox%26settings%3DeyJpZCI6NjI4MCwidXJsIjoiaHR0cHM6XC9cL3d3dy5ycG10LmVlXC93cC1jb250ZW50XC91cGxvYWRzXC8yMDIyXC8wNlwvUHVydXN0dXNmcmVlcy1QRi0xLWVza3Uta3VsamVzLU1pbGxpbmctY3V0ZXItUEYtMS1hZGFwdGVkLXRvLWV4Y2F2YXRvci5qcGciLCJzbGlkZXNob3ciOiIwN2I1ZDczIn0%3D\" href='https:\/\/www.rpmt.ee\/wp-content\/uploads\/2022\/06\/Purustusfrees-PF-1-esku-kuljes-Milling-cuter-PF-1-adapted-to-excavator.jpg'><img loading=\"lazy\" decoding=\"async\" width=\"150\" height=\"150\" src=\"https:\/\/www.rpmt.ee\/wp-content\/uploads\/2022\/06\/Purustusfrees-PF-1-esku-kuljes-Milling-cuter-PF-1-adapted-to-excavator-150x150.jpg\" class=\"attachment-thumbnail size-thumbnail\" alt=\"\" \/><\/a>\n\t\t\t<\/dt><\/dl>\n\t\t\t<br style='clear: both' \/>\n\t\t<\/div>\n\t\t<\/div>\n\t\t\t\t\t\t<\/div>\n\t\t\t\t<\/div>\n\t\t\t\t<div class=\"elementor-element elementor-element-2c25f30 elementor-widget-divider--view-line elementor-widget elementor-widget-divider\" data-id=\"2c25f30\" data-element_type=\"widget\" data-e-type=\"widget\" data-widget_type=\"divider.default\">\n\t\t\t\t<div class=\"elementor-widget-container\">\n\t\t\t\t\t\t\t<div class=\"elementor-divider\">\n\t\t\t<span class=\"elementor-divider-separator\">\n\t\t\t\t\t\t<\/span>\n\t\t<\/div>\n\t\t\t\t\t\t<\/div>\n\t\t\t\t<\/div>\n\t\t\t\t<section class=\"elementor-section elementor-inner-section elementor-element elementor-element-f080496 elementor-section-boxed elementor-section-height-default elementor-section-height-default\" data-id=\"f080496\" data-element_type=\"section\" data-e-type=\"section\">\n\t\t\t\t\t\t<div class=\"elementor-container elementor-column-gap-default\">\n\t\t\t\t\t<div class=\"elementor-column elementor-col-100 elementor-inner-column elementor-element elementor-element-7cdd7cb\" data-id=\"7cdd7cb\" data-element_type=\"column\" data-e-type=\"column\">\n\t\t\t<div class=\"elementor-widget-wrap elementor-element-populated\">\n\t\t\t\t\t\t<div class=\"elementor-element elementor-element-aeeed04 elementor-icon-list--layout-inline elementor-align-start elementor-mobile-align-start elementor-widget__width-initial elementor-widget-tablet__width-initial elementor-list-item-link-full_width elementor-widget elementor-widget-icon-list\" data-id=\"aeeed04\" data-element_type=\"widget\" data-e-type=\"widget\" data-widget_type=\"icon-list.default\">\n\t\t\t\t<div class=\"elementor-widget-container\">\n\t\t\t\t\t\t\t<ul class=\"elementor-icon-list-items elementor-inline-items\">\n\t\t\t\t\t\t\t<li class=\"elementor-icon-list-item elementor-inline-item\">\n\t\t\t\t\t\t\t\t\t\t\t<a href=\"https:\/\/www.youtube.com\/watch?v=Yf9bFhcf_x8\" target=\"_blank\">\n\n\t\t\t\t\t\t\t\t\t\t\t\t<span class=\"elementor-icon-list-icon\">\n\t\t\t\t\t\t\t<i aria-hidden=\"true\" class=\"fab fa-youtube\"><\/i>\t\t\t\t\t\t<\/span>\n\t\t\t\t\t\t\t\t\t\t<span class=\"elementor-icon-list-text\">Video<\/span>\n\t\t\t\t\t\t\t\t\t\t\t<\/a>\n\t\t\t\t\t\t\t\t\t<\/li>\n\t\t\t\t\t\t<\/ul>\n\t\t\t\t\t\t<\/div>\n\t\t\t\t<\/div>\n\t\t\t\t<div class=\"elementor-element elementor-element-d82d181 elementor-icon-list--layout-inline elementor-align-start elementor-mobile-align-start elementor-widget__width-initial elementor-widget-tablet__width-initial elementor-list-item-link-full_width elementor-widget elementor-widget-icon-list\" data-id=\"d82d181\" data-element_type=\"widget\" data-e-type=\"widget\" data-widget_type=\"icon-list.default\">\n\t\t\t\t<div class=\"elementor-widget-container\">\n\t\t\t\t\t\t\t<ul class=\"elementor-icon-list-items elementor-inline-items\">\n\t\t\t\t\t\t\t<li class=\"elementor-icon-list-item elementor-inline-item\">\n\t\t\t\t\t\t\t\t\t\t\t<a href=\"https:\/\/www.rpmt.ee\/?page_id=5610\">\n\n\t\t\t\t\t\t\t\t\t\t\t\t<span class=\"elementor-icon-list-icon\">\n\t\t\t\t\t\t\t<i aria-hidden=\"true\" class=\"far fa-envelope\"><\/i>\t\t\t\t\t\t<\/span>\n\t\t\t\t\t\t\t\t\t\t<span class=\"elementor-icon-list-text\">V\u00f5ta \u00fchendust!<\/span>\n\t\t\t\t\t\t\t\t\t\t\t<\/a>\n\t\t\t\t\t\t\t\t\t<\/li>\n\t\t\t\t\t\t<\/ul>\n\t\t\t\t\t\t<\/div>\n\t\t\t\t<\/div>\n\t\t\t\t\t<\/div>\n\t\t<\/div>\n\t\t\t\t\t<\/div>\n\t\t<\/section>\n\t\t\t\t\t<\/div>\n\t\t<\/div>\n\t\t\t\t\t<\/div>\n\t\t<\/section>\n\t\t\t\t<\/div>\n\t\t","protected":false},"excerpt":{"rendered":"<p>Purustusfrees PF-1 sobib ekskavaatorile massiga alates 21t.\u00a0Baasmasinale peab olema paigaldatud \u201eRoksoni\u201c s\u00fcsteem, mis tagab seadme seiskamisel trumli vaba jooksu. Samuti peab baasmasin v\u00f5imaldama purustusfreesi mootori drenaa\u017ei \u00fchendamist baasmasina tagasivoolu h\u00fcdropaaki. M\u00f5eldud v\u00f5sa ja k\u00fclmunud turba purustamiseks temperatuurivahemikus -20 \u2026 +45\u00b0C (temperatuuri v\u00f5ib piirata kasutatav h\u00fcdraulikavedelik). Tehnilised andmed:<\/p>\n","protected":false},"author":1,"featured_media":0,"parent":0,"menu_order":0,"comment_status":"closed","ping_status":"closed","template":"","meta":{"footnotes":""},"class_list":["post-6674","page","type-page","status-publish","hentry"],"lang":"et","translations":{"en":6838,"et":6674},"pll_sync_post":[],"_links":{"self":[{"href":"https:\/\/www.rpmt.ee\/index.php?rest_route=\/wp\/v2\/pages\/6674","targetHints":{"allow":["GET"]}}],"collection":[{"href":"https:\/\/www.rpmt.ee\/index.php?rest_route=\/wp\/v2\/pages"}],"about":[{"href":"https:\/\/www.rpmt.ee\/index.php?rest_route=\/wp\/v2\/types\/page"}],"author":[{"embeddable":true,"href":"https:\/\/www.rpmt.ee\/index.php?rest_route=\/wp\/v2\/users\/1"}],"replies":[{"embeddable":true,"href":"https:\/\/www.rpmt.ee\/index.php?rest_route=%2Fwp%2Fv2%2Fcomments&post=6674"}],"version-history":[{"count":34,"href":"https:\/\/www.rpmt.ee\/index.php?rest_route=\/wp\/v2\/pages\/6674\/revisions"}],"predecessor-version":[{"id":7544,"href":"https:\/\/www.rpmt.ee\/index.php?rest_route=\/wp\/v2\/pages\/6674\/revisions\/7544"}],"wp:attachment":[{"href":"https:\/\/www.rpmt.ee\/index.php?rest_route=%2Fwp%2Fv2%2Fmedia&parent=6674"}],"curies":[{"name":"wp","href":"https:\/\/api.w.org\/{rel}","templated":true}]}}