{"id":5619,"date":"2022-05-24T05:37:50","date_gmt":"2022-05-24T05:37:50","guid":{"rendered":"http:\/\/www.rpmt.ee\/?page_id=5619"},"modified":"2024-12-09T21:55:20","modified_gmt":"2024-12-09T19:55:20","slug":"metallitood","status":"publish","type":"page","link":"https:\/\/www.rpmt.ee\/?page_id=5619","title":{"rendered":"Metallit\u00f6\u00f6d"},"content":{"rendered":"\t\t<div data-elementor-type=\"wp-page\" data-elementor-id=\"5619\" class=\"elementor elementor-5619\">\n\t\t\t\t\t\t<section class=\"elementor-section elementor-top-section elementor-element elementor-element-5f039934 elementor-section-boxed elementor-section-height-default elementor-section-height-default\" data-id=\"5f039934\" data-element_type=\"section\" data-e-type=\"section\" data-settings=\"{&quot;animation_mobile&quot;:&quot;none&quot;}\">\n\t\t\t\t\t\t\t<div class=\"elementor-background-overlay\"><\/div>\n\t\t\t\t\t\t\t<div class=\"elementor-container elementor-column-gap-default\">\n\t\t\t\t\t<div class=\"elementor-column elementor-col-50 elementor-top-column elementor-element elementor-element-727a8f9c animated-fast elementor-invisible\" data-id=\"727a8f9c\" data-element_type=\"column\" data-e-type=\"column\" data-settings=\"{&quot;animation&quot;:&quot;fadeInLeft&quot;}\">\n\t\t\t<div class=\"elementor-widget-wrap elementor-element-populated\">\n\t\t\t\t\t\t<div class=\"elementor-element elementor-element-a8f3a9c elementor-widget elementor-widget-text-editor\" data-id=\"a8f3a9c\" data-element_type=\"widget\" data-e-type=\"widget\" data-settings=\"{&quot;_animation_mobile&quot;:&quot;none&quot;}\" data-widget_type=\"text-editor.default\">\n\t\t\t\t<div class=\"elementor-widget-container\">\n\t\t\t\t\t\t\t\t\t<p>Mitmek\u00fclgne t\u00f6\u00f6pingipark ja kvalifitseeritud personal v\u00f5imaldavad meie metallit\u00f6\u00f6kojal teostada erinevaid metallit\u00f6id nagu <b>keevitus<\/b>, <b>treimine<\/b>, <b>freesimine<\/b>, <b>lehtmetalli painutus<\/b>, <b>CNC plasmal\u00f5ikus<\/b>, <b>torupainutus<\/b>, <b>metallkonstruktsioonide valmistamine<\/b> jpm.<\/p>\n<p><b>Olles ise ka toodangu l\u00f5ppkasutaja, <\/b>on meil toodetavad turbatootmis- ja p\u00f5llumajandusseadmed saanud eriti hea lihvi ning vastavad igati kasutajate vajadustele.<\/p>\n<p><span style=\"font-size: 19px; background-color: #ffffff;\">Samuti valmistame oma t\u00f6\u00f6kojas tooteid <b>vastavalt tellija soovile ja joonistele<\/b>. K\u00fcsi julgelt pakkumist!<\/span><span style=\"background-color: #ffffff; font-size: 19px; text-align: inherit;\"><br><\/span><\/p>\t\t\t\t\t\t\t\t<\/div>\n\t\t\t\t<\/div>\n\t\t\t\t\t<\/div>\n\t\t<\/div>\n\t\t\t\t<div class=\"elementor-column elementor-col-50 elementor-top-column elementor-element elementor-element-602f28c9 animated-fast elementor-invisible\" data-id=\"602f28c9\" data-element_type=\"column\" data-e-type=\"column\" data-settings=\"{&quot;animation&quot;:&quot;fadeInRight&quot;}\">\n\t\t\t<div class=\"elementor-widget-wrap elementor-element-populated\">\n\t\t\t\t\t\t<div class=\"elementor-element elementor-element-aae9def elementor-widget elementor-widget-image\" data-id=\"aae9def\" data-element_type=\"widget\" data-e-type=\"widget\" data-settings=\"{&quot;_animation_mobile&quot;:&quot;none&quot;}\" data-widget_type=\"image.default\">\n\t\t\t\t<div class=\"elementor-widget-container\">\n\t\t\t\t\t\t\t\t\t\t\t\t\t\t\t<img fetchpriority=\"high\" decoding=\"async\" width=\"600\" height=\"446\" src=\"https:\/\/www.rpmt.ee\/wp-content\/uploads\/2022\/06\/Kannukoorija.jpg\" class=\"attachment-large size-large wp-image-6105\" alt=\"\" srcset=\"https:\/\/www.rpmt.ee\/wp-content\/uploads\/2022\/06\/Kannukoorija.jpg 1004w, https:\/\/www.rpmt.ee\/wp-content\/uploads\/2022\/06\/Kannukoorija-300x223.jpg 300w, https:\/\/www.rpmt.ee\/wp-content\/uploads\/2022\/06\/Kannukoorija-768x571.jpg 768w\" sizes=\"(max-width: 600px) 100vw, 600px\" \/>\t\t\t\t\t\t\t\t\t\t\t\t\t\t\t<\/div>\n\t\t\t\t<\/div>\n\t\t\t\t<div class=\"elementor-element elementor-element-5bbc706 elementor-widget elementor-widget-heading\" data-id=\"5bbc706\" data-element_type=\"widget\" data-e-type=\"widget\" data-widget_type=\"heading.default\">\n\t\t\t\t<div class=\"elementor-widget-container\">\n\t\t\t\t\t<h2 class=\"elementor-heading-title elementor-size-default\">K\u00e4nnukorjaja Stump collector<\/h2>\t\t\t\t<\/div>\n\t\t\t\t<\/div>\n\t\t\t\t\t<\/div>\n\t\t<\/div>\n\t\t\t\t\t<\/div>\n\t\t<\/section>\n\t\t\t\t<section class=\"elementor-section elementor-top-section elementor-element elementor-element-45e1632 elementor-section-boxed elementor-section-height-default elementor-section-height-default\" data-id=\"45e1632\" data-element_type=\"section\" data-e-type=\"section\">\n\t\t\t\t\t\t<div class=\"elementor-container elementor-column-gap-default\">\n\t\t\t\t\t<div class=\"elementor-column elementor-col-100 elementor-top-column elementor-element elementor-element-57e802e\" data-id=\"57e802e\" data-element_type=\"column\" data-e-type=\"column\">\n\t\t\t<div class=\"elementor-widget-wrap elementor-element-populated\">\n\t\t\t\t\t\t<div class=\"elementor-element elementor-element-9bf9078 elementor-widget elementor-widget-spacer\" data-id=\"9bf9078\" data-element_type=\"widget\" data-e-type=\"widget\" data-widget_type=\"spacer.default\">\n\t\t\t\t<div class=\"elementor-widget-container\">\n\t\t\t\t\t\t\t<div class=\"elementor-spacer\">\n\t\t\t<div class=\"elementor-spacer-inner\"><\/div>\n\t\t<\/div>\n\t\t\t\t\t\t<\/div>\n\t\t\t\t<\/div>\n\t\t\t\t\t<\/div>\n\t\t<\/div>\n\t\t\t\t\t<\/div>\n\t\t<\/section>\n\t\t\t\t<section class=\"elementor-section elementor-top-section elementor-element elementor-element-0728dd5 elementor-reverse-mobile elementor-section-boxed elementor-section-height-default elementor-section-height-default\" data-id=\"0728dd5\" data-element_type=\"section\" data-e-type=\"section\" data-settings=\"{&quot;animation_mobile&quot;:&quot;none&quot;}\">\n\t\t\t\t\t\t\t<div class=\"elementor-background-overlay\"><\/div>\n\t\t\t\t\t\t\t<div class=\"elementor-container elementor-column-gap-default\">\n\t\t\t\t\t<div class=\"elementor-column elementor-col-50 elementor-top-column elementor-element elementor-element-680f842 animated-fast elementor-invisible\" data-id=\"680f842\" data-element_type=\"column\" data-e-type=\"column\" data-settings=\"{&quot;animation&quot;:&quot;fadeInLeft&quot;}\">\n\t\t\t<div class=\"elementor-widget-wrap elementor-element-populated\">\n\t\t\t\t\t\t<div class=\"elementor-element elementor-element-bad0846 elementor-widget elementor-widget-image\" data-id=\"bad0846\" data-element_type=\"widget\" data-e-type=\"widget\" data-settings=\"{&quot;_animation_mobile&quot;:&quot;none&quot;}\" data-widget_type=\"image.default\">\n\t\t\t\t<div class=\"elementor-widget-container\">\n\t\t\t\t\t\t\t\t\t\t\t\t\t\t\t<img decoding=\"async\" width=\"600\" height=\"446\" src=\"https:\/\/www.rpmt.ee\/wp-content\/uploads\/2022\/06\/RakverePollumajandustehnika_purustusfrees.jpg\" class=\"attachment-large size-large wp-image-6134\" alt=\"\" srcset=\"https:\/\/www.rpmt.ee\/wp-content\/uploads\/2022\/06\/RakverePollumajandustehnika_purustusfrees.jpg 1004w, https:\/\/www.rpmt.ee\/wp-content\/uploads\/2022\/06\/RakverePollumajandustehnika_purustusfrees-300x223.jpg 300w, https:\/\/www.rpmt.ee\/wp-content\/uploads\/2022\/06\/RakverePollumajandustehnika_purustusfrees-768x571.jpg 768w\" sizes=\"(max-width: 600px) 100vw, 600px\" \/>\t\t\t\t\t\t\t\t\t\t\t\t\t\t\t<\/div>\n\t\t\t\t<\/div>\n\t\t\t\t<div class=\"elementor-element elementor-element-e48f792 elementor-widget elementor-widget-heading\" data-id=\"e48f792\" data-element_type=\"widget\" data-e-type=\"widget\" data-widget_type=\"heading.default\">\n\t\t\t\t<div class=\"elementor-widget-container\">\n\t\t\t\t\t<h2 class=\"elementor-heading-title elementor-size-default\">Purustusfrees Milling cutter PF-1<\/h2>\t\t\t\t<\/div>\n\t\t\t\t<\/div>\n\t\t\t\t\t<\/div>\n\t\t<\/div>\n\t\t\t\t<div class=\"elementor-column elementor-col-50 elementor-top-column elementor-element elementor-element-c90331c animated-fast elementor-invisible\" data-id=\"c90331c\" data-element_type=\"column\" data-e-type=\"column\" data-settings=\"{&quot;animation&quot;:&quot;fadeInRight&quot;}\">\n\t\t\t<div class=\"elementor-widget-wrap elementor-element-populated\">\n\t\t\t\t\t\t<div class=\"elementor-element elementor-element-3ac7e08 elementor-widget elementor-widget-text-editor\" data-id=\"3ac7e08\" data-element_type=\"widget\" data-e-type=\"widget\" data-settings=\"{&quot;_animation_mobile&quot;:&quot;none&quot;}\" data-widget_type=\"text-editor.default\">\n\t\t\t\t<div class=\"elementor-widget-container\">\n\t\t\t\t\t\t\t\t\t<p><span style=\"font-size: 19px; text-align: inherit;\">Kuna ettev\u00f5tte tegevusvaldkondade hulka kuulub ka freesturba kaevandamine, siis oleme oma tootevalikusse lisanud selleks protsessiks vajalikke <a href=\"https:\/\/www.rpmt.ee\/?page_id=6638\">seadmeid<\/a>, mida valmistame ka tellimisel:<\/span><\/p><ul><li>V\u00f5sa ja k\u00fclmunud turba purustusfrees PF-1<\/li><li>Turba p\u00f6\u00f6raja ehk kaaruti<\/li><li>K\u00e4nnujuurija<\/li><li>K\u00e4nnukorjaja<\/li><li>Turbalaadmiskopp<\/li><li>Passiivfrees<\/li><li>Haagis freesturba veoks turbav\u00e4ljakutel<\/li><li>Vaakumkoguja<\/li><li>Ekskavaatori noole pikendus (poom)<\/li><\/ul>\t\t\t\t\t\t\t\t<\/div>\n\t\t\t\t<\/div>\n\t\t\t\t\t<\/div>\n\t\t<\/div>\n\t\t\t\t\t<\/div>\n\t\t<\/section>\n\t\t\t\t<section class=\"elementor-section elementor-top-section elementor-element elementor-element-d18d0d3 elementor-section-boxed elementor-section-height-default elementor-section-height-default\" data-id=\"d18d0d3\" data-element_type=\"section\" data-e-type=\"section\">\n\t\t\t\t\t\t<div class=\"elementor-container elementor-column-gap-default\">\n\t\t\t\t\t<div class=\"elementor-column elementor-col-100 elementor-top-column elementor-element elementor-element-22ff55c\" data-id=\"22ff55c\" data-element_type=\"column\" data-e-type=\"column\">\n\t\t\t<div class=\"elementor-widget-wrap elementor-element-populated\">\n\t\t\t\t\t\t<div class=\"elementor-element elementor-element-a8e2f8b elementor-widget elementor-widget-spacer\" data-id=\"a8e2f8b\" data-element_type=\"widget\" data-e-type=\"widget\" data-widget_type=\"spacer.default\">\n\t\t\t\t<div class=\"elementor-widget-container\">\n\t\t\t\t\t\t\t<div class=\"elementor-spacer\">\n\t\t\t<div class=\"elementor-spacer-inner\"><\/div>\n\t\t<\/div>\n\t\t\t\t\t\t<\/div>\n\t\t\t\t<\/div>\n\t\t\t\t\t<\/div>\n\t\t<\/div>\n\t\t\t\t\t<\/div>\n\t\t<\/section>\n\t\t\t\t<section class=\"elementor-section elementor-top-section elementor-element elementor-element-69dbc49 elementor-section-boxed elementor-section-height-default elementor-section-height-default\" data-id=\"69dbc49\" data-element_type=\"section\" data-e-type=\"section\" data-settings=\"{&quot;animation_mobile&quot;:&quot;none&quot;}\">\n\t\t\t\t\t\t\t<div class=\"elementor-background-overlay\"><\/div>\n\t\t\t\t\t\t\t<div class=\"elementor-container elementor-column-gap-default\">\n\t\t\t\t\t<div class=\"elementor-column elementor-col-50 elementor-top-column elementor-element elementor-element-5edf4e0 animated-fast elementor-invisible\" data-id=\"5edf4e0\" data-element_type=\"column\" data-e-type=\"column\" data-settings=\"{&quot;animation&quot;:&quot;fadeInLeft&quot;}\">\n\t\t\t<div class=\"elementor-widget-wrap elementor-element-populated\">\n\t\t\t\t\t\t<div class=\"elementor-element elementor-element-7c16445c elementor-widget elementor-widget-heading\" data-id=\"7c16445c\" data-element_type=\"widget\" data-e-type=\"widget\" data-settings=\"{&quot;_animation_mobile&quot;:&quot;none&quot;}\" data-widget_type=\"heading.default\">\n\t\t\t\t<div class=\"elementor-widget-container\">\n\t\t\t\t\t<h2 class=\"elementor-heading-title elementor-size-default\">Tehnoloogilised v\u00f5imalused:<\/h2>\t\t\t\t<\/div>\n\t\t\t\t<\/div>\n\t\t\t\t<div class=\"elementor-element elementor-element-a6fb392 elementor-widget elementor-widget-text-editor\" data-id=\"a6fb392\" data-element_type=\"widget\" data-e-type=\"widget\" data-widget_type=\"text-editor.default\">\n\t\t\t\t<div class=\"elementor-widget-container\">\n\t\t\t\t\t\t\t\t\t<ul>\n<li>Valtspink, valmistatava detaili min \u00f8 120mm. t=3 L kuni 1200mm. t=5 L kuni 600mm.<\/li>\n<li>Valtspink, valmistatava detaili min \u00f8 250mm. t=5 L kuni 2400mm.<\/li>\n<li>K\u00e4siplasmal\u00f5ikus, l\u00f5ikuse paksus kuni 30mm<\/li>\n<li>CNC plasmal\u00f5ikur, t kuni 15mm, laua m\u00f5\u00f5dud 2m x 13,5m<\/li>\n<li>Kantmasin, lehe paksus kuni 8mm, laius kuni 1m<\/li>\n<li>Kantmasin, lehe paksus kuni 5mm, laius kuni 3m<\/li>\n<li>Giljotiin, lehe paksus kuni 15mm (s235), laius 3m<\/li>\n<li>Kruvikompressorid, kuni 10 bar<\/li>\n<li>Torupainutus \u00bd\u2019\u2019 kuni 2\u2019\u2019<\/li>\n<li>Lintsaag, h- 230mm x a-330mm<\/li>\n<li>Radiaal puurpink, puurimise diameeter kuni 70mm<\/li>\n<li>40 tonnine h\u00fcrdopress<\/li>\n<li>Treipink max \u00f8 290mm. L kuni 1m.<\/li>\n<li>Freespink<\/li>\n<li>Lihvpink<\/li>\n<li>H\u00f6\u00f6velpink<\/li>\n<li>Erinevad keevitusseadmed<\/li>\n<li>S\u00f6epulga l\u00f5ikus<\/li>\n<\/ul>\n<p><b>T\u00f6\u00f6deldavad lehtmetalli paksused vahemikus 2mm kuni 15mm<\/b><\/p>\t\t\t\t\t\t\t\t<\/div>\n\t\t\t\t<\/div>\n\t\t\t\t\t<\/div>\n\t\t<\/div>\n\t\t\t\t<div class=\"elementor-column elementor-col-50 elementor-top-column elementor-element elementor-element-8fcd0ee animated-fast elementor-invisible\" data-id=\"8fcd0ee\" data-element_type=\"column\" data-e-type=\"column\" data-settings=\"{&quot;animation&quot;:&quot;fadeInRight&quot;}\">\n\t\t\t<div class=\"elementor-widget-wrap elementor-element-populated\">\n\t\t\t\t\t\t<div class=\"elementor-element elementor-element-0bd2724 elementor-widget elementor-widget-image\" data-id=\"0bd2724\" data-element_type=\"widget\" data-e-type=\"widget\" data-settings=\"{&quot;_animation_mobile&quot;:&quot;none&quot;}\" data-widget_type=\"image.default\">\n\t\t\t\t<div class=\"elementor-widget-container\">\n\t\t\t\t\t\t\t\t\t\t\t\t\t\t\t<img decoding=\"async\" width=\"600\" height=\"446\" src=\"https:\/\/www.rpmt.ee\/wp-content\/uploads\/2022\/06\/RakverePollumajandustehnika_metall.jpg\" class=\"attachment-large size-large wp-image-6127\" alt=\"\" srcset=\"https:\/\/www.rpmt.ee\/wp-content\/uploads\/2022\/06\/RakverePollumajandustehnika_metall.jpg 1004w, https:\/\/www.rpmt.ee\/wp-content\/uploads\/2022\/06\/RakverePollumajandustehnika_metall-300x223.jpg 300w, https:\/\/www.rpmt.ee\/wp-content\/uploads\/2022\/06\/RakverePollumajandustehnika_metall-768x571.jpg 768w\" sizes=\"(max-width: 600px) 100vw, 600px\" \/>\t\t\t\t\t\t\t\t\t\t\t\t\t\t\t<\/div>\n\t\t\t\t<\/div>\n\t\t\t\t<div class=\"elementor-element elementor-element-16c187ce elementor-alert-info elementor-widget elementor-widget-alert\" data-id=\"16c187ce\" data-element_type=\"widget\" data-e-type=\"widget\" data-settings=\"{&quot;_animation_mobile&quot;:&quot;none&quot;}\" data-widget_type=\"alert.default\">\n\t\t\t\t<div class=\"elementor-widget-container\">\n\t\t\t\t\t\t\t<div class=\"elementor-alert\" role=\"alert\">\n\n\t\t\t\t\t\t<span class=\"elementor-alert-title\">Materjalidest on meil enamasti laos olemas:<\/span>\n\t\t\t\n\t\t\t\t\t\t<span class=\"elementor-alert-description\"><ul>\n  <li>Lehtmetall\n(s235) paksused: 2mm, 3mm, 4mm, 5mm<\/li>\n<li> Lehtmetall\n(s355) paksused: 6mm, 8mm, 10mm, 12mm, 15mm.<\/li>\n  <li>\u00dcmarraud (c45) \u00f845, \u00f850, \u00f860, \u00f870, \u00f880, \u00f890, \u00f8100, \u00f8110, \u00f8120, \u00f8150, \u00f8180<\/li>\n  <li>Erinevad profiilid (nurkrauad, nelikant ja \u00fcmartorud)<\/li>\n<\/ul>\n<\/span>\n\t\t\t\n\t\t\t\t\t\t<button type=\"button\" class=\"elementor-alert-dismiss\" aria-label=\"Dismiss this alert.\">\n\t\t\t\t\t\t\t\t\t<span aria-hidden=\"true\">&times;<\/span>\n\t\t\t\t\t\t\t<\/button>\n\t\t\t\n\t\t<\/div>\n\t\t\t\t\t\t<\/div>\n\t\t\t\t<\/div>\n\t\t\t\t\t<\/div>\n\t\t<\/div>\n\t\t\t\t\t<\/div>\n\t\t<\/section>\n\t\t\t\t<section class=\"elementor-section elementor-top-section elementor-element elementor-element-158d364 elementor-section-boxed elementor-section-height-default elementor-section-height-default\" data-id=\"158d364\" data-element_type=\"section\" data-e-type=\"section\">\n\t\t\t\t\t\t<div class=\"elementor-container elementor-column-gap-default\">\n\t\t\t\t\t<div class=\"elementor-column elementor-col-100 elementor-top-column elementor-element elementor-element-b02cdc1\" data-id=\"b02cdc1\" data-element_type=\"column\" data-e-type=\"column\">\n\t\t\t<div class=\"elementor-widget-wrap elementor-element-populated\">\n\t\t\t\t\t\t<div class=\"elementor-element elementor-element-1c0c557 elementor-widget elementor-widget-spacer\" data-id=\"1c0c557\" data-element_type=\"widget\" data-e-type=\"widget\" data-widget_type=\"spacer.default\">\n\t\t\t\t<div class=\"elementor-widget-container\">\n\t\t\t\t\t\t\t<div class=\"elementor-spacer\">\n\t\t\t<div class=\"elementor-spacer-inner\"><\/div>\n\t\t<\/div>\n\t\t\t\t\t\t<\/div>\n\t\t\t\t<\/div>\n\t\t\t\t\t<\/div>\n\t\t<\/div>\n\t\t\t\t\t<\/div>\n\t\t<\/section>\n\t\t\t\t<section class=\"elementor-section elementor-top-section elementor-element elementor-element-49697fae elementor-section-boxed elementor-section-height-default elementor-section-height-default elementor-invisible\" data-id=\"49697fae\" data-element_type=\"section\" data-e-type=\"section\" data-settings=\"{&quot;animation&quot;:&quot;fadeInUp&quot;,&quot;animation_mobile&quot;:&quot;none&quot;}\">\n\t\t\t\t\t\t\t<div class=\"elementor-background-overlay\"><\/div>\n\t\t\t\t\t\t\t<div class=\"elementor-container elementor-column-gap-default\">\n\t\t\t\t\t<div class=\"elementor-column elementor-col-25 elementor-top-column elementor-element elementor-element-6b944e2d\" data-id=\"6b944e2d\" data-element_type=\"column\" data-e-type=\"column\">\n\t\t\t<div class=\"elementor-widget-wrap elementor-element-populated\">\n\t\t\t\t\t\t<div class=\"elementor-element elementor-element-3ffde0e0 elementor-view-default elementor-widget elementor-widget-icon\" data-id=\"3ffde0e0\" data-element_type=\"widget\" data-e-type=\"widget\" data-widget_type=\"icon.default\">\n\t\t\t\t<div class=\"elementor-widget-container\">\n\t\t\t\t\t\t\t<div class=\"elementor-icon-wrapper\">\n\t\t\t<div class=\"elementor-icon\">\n\t\t\t<i aria-hidden=\"true\" class=\"fas fa-map-marker-alt\"><\/i>\t\t\t<\/div>\n\t\t<\/div>\n\t\t\t\t\t\t<\/div>\n\t\t\t\t<\/div>\n\t\t\t\t<div class=\"elementor-element elementor-element-26e0528b elementor-widget elementor-widget-text-editor\" data-id=\"26e0528b\" data-element_type=\"widget\" data-e-type=\"widget\" data-widget_type=\"text-editor.default\">\n\t\t\t\t<div class=\"elementor-widget-container\">\n\t\t\t\t\t\t\t\t\t<p><a href=\"https:\/\/www.google.ee\/maps\/place\/Raua+5,+S%C3%B5meru,+44201+L%C3%A4%C3%A4ne-Viru+maakond\/@59.360456,26.4379139,18z\/data=!3m1!4b1!4m5!3m4!1s0x46937616397c32ed:0xcf6eb912658673c0!8m2!3d59.3604546!4d26.4390082?hl=et\" target=\"_blank\" rel=\"noopener\">Raua 5, 44201 S\u00f5meru, L\u00e4\u00e4ne-Virumaa<\/a><\/p>\t\t\t\t\t\t\t\t<\/div>\n\t\t\t\t<\/div>\n\t\t\t\t\t<\/div>\n\t\t<\/div>\n\t\t\t\t<div class=\"elementor-column elementor-col-25 elementor-top-column elementor-element elementor-element-d1794d9\" data-id=\"d1794d9\" data-element_type=\"column\" data-e-type=\"column\">\n\t\t\t<div class=\"elementor-widget-wrap elementor-element-populated\">\n\t\t\t\t\t\t<div class=\"elementor-element elementor-element-23d7f179 elementor-view-default elementor-widget elementor-widget-icon\" data-id=\"23d7f179\" data-element_type=\"widget\" data-e-type=\"widget\" data-widget_type=\"icon.default\">\n\t\t\t\t<div class=\"elementor-widget-container\">\n\t\t\t\t\t\t\t<div class=\"elementor-icon-wrapper\">\n\t\t\t<div class=\"elementor-icon\">\n\t\t\t<i aria-hidden=\"true\" class=\"fas fa-mail-bulk\"><\/i>\t\t\t<\/div>\n\t\t<\/div>\n\t\t\t\t\t\t<\/div>\n\t\t\t\t<\/div>\n\t\t\t\t<div class=\"elementor-element elementor-element-393a2145 elementor-widget elementor-widget-text-editor\" data-id=\"393a2145\" data-element_type=\"widget\" data-e-type=\"widget\" data-widget_type=\"text-editor.default\">\n\t\t\t\t<div class=\"elementor-widget-container\">\n\t\t\t\t\t\t\t\t\t<p><a href=\"mailto:metal@rpmt.ee\">metal@rpmt.ee<\/a><\/p>\t\t\t\t\t\t\t\t<\/div>\n\t\t\t\t<\/div>\n\t\t\t\t\t<\/div>\n\t\t<\/div>\n\t\t\t\t<div class=\"elementor-column elementor-col-25 elementor-top-column elementor-element elementor-element-6df2b4c7\" data-id=\"6df2b4c7\" data-element_type=\"column\" data-e-type=\"column\">\n\t\t\t<div class=\"elementor-widget-wrap elementor-element-populated\">\n\t\t\t\t\t\t<div class=\"elementor-element elementor-element-6ee1d9f4 elementor-view-default elementor-widget elementor-widget-icon\" data-id=\"6ee1d9f4\" data-element_type=\"widget\" data-e-type=\"widget\" data-widget_type=\"icon.default\">\n\t\t\t\t<div class=\"elementor-widget-container\">\n\t\t\t\t\t\t\t<div class=\"elementor-icon-wrapper\">\n\t\t\t<div class=\"elementor-icon\">\n\t\t\t<i aria-hidden=\"true\" class=\"fas fa-phone-alt\"><\/i>\t\t\t<\/div>\n\t\t<\/div>\n\t\t\t\t\t\t<\/div>\n\t\t\t\t<\/div>\n\t\t\t\t<div class=\"elementor-element elementor-element-3667f1a6 elementor-widget elementor-widget-text-editor\" data-id=\"3667f1a6\" data-element_type=\"widget\" data-e-type=\"widget\" data-widget_type=\"text-editor.default\">\n\t\t\t\t<div class=\"elementor-widget-container\">\n\t\t\t\t\t\t\t\t\t<p><a href=\"tel: +372 518 3858\">+372 518 3858<\/a>\u00a0tootmisjuht, Sergei\u00a0Posatetski<\/p>\t\t\t\t\t\t\t\t<\/div>\n\t\t\t\t<\/div>\n\t\t\t\t\t<\/div>\n\t\t<\/div>\n\t\t\t\t<div class=\"elementor-column elementor-col-25 elementor-top-column elementor-element elementor-element-1644125b\" data-id=\"1644125b\" data-element_type=\"column\" data-e-type=\"column\">\n\t\t\t<div class=\"elementor-widget-wrap\">\n\t\t\t\t\t\t\t<\/div>\n\t\t<\/div>\n\t\t\t\t\t<\/div>\n\t\t<\/section>\n\t\t\t\t<\/div>\n\t\t","protected":false},"excerpt":{"rendered":"<p>Mitmek\u00fclgne t\u00f6\u00f6pingipark ja kvalifitseeritud personal v\u00f5imaldavad meie metallit\u00f6\u00f6kojal teostada erinevaid metallit\u00f6id nagu keevitus, treimine, freesimine, lehtmetalli painutus, CNC plasmal\u00f5ikus, torupainutus, metallkonstruktsioonide valmistamine jpm. Olles ise ka toodangu l\u00f5ppkasutaja, on meil toodetavad turbatootmis- ja p\u00f5llumajandusseadmed saanud eriti hea lihvi ning vastavad igati kasutajate vajadustele. Samuti valmistame oma t\u00f6\u00f6kojas<\/p>\n","protected":false},"author":1,"featured_media":0,"parent":0,"menu_order":0,"comment_status":"closed","ping_status":"closed","template":"","meta":{"footnotes":""},"class_list":["post-5619","page","type-page","status-publish","hentry"],"lang":"et","translations":{"en":6333,"et":5619},"pll_sync_post":[],"_links":{"self":[{"href":"https:\/\/www.rpmt.ee\/index.php?rest_route=\/wp\/v2\/pages\/5619","targetHints":{"allow":["GET"]}}],"collection":[{"href":"https:\/\/www.rpmt.ee\/index.php?rest_route=\/wp\/v2\/pages"}],"about":[{"href":"https:\/\/www.rpmt.ee\/index.php?rest_route=\/wp\/v2\/types\/page"}],"author":[{"embeddable":true,"href":"https:\/\/www.rpmt.ee\/index.php?rest_route=\/wp\/v2\/users\/1"}],"replies":[{"embeddable":true,"href":"https:\/\/www.rpmt.ee\/index.php?rest_route=%2Fwp%2Fv2%2Fcomments&post=5619"}],"version-history":[{"count":43,"href":"https:\/\/www.rpmt.ee\/index.php?rest_route=\/wp\/v2\/pages\/5619\/revisions"}],"predecessor-version":[{"id":7633,"href":"https:\/\/www.rpmt.ee\/index.php?rest_route=\/wp\/v2\/pages\/5619\/revisions\/7633"}],"wp:attachment":[{"href":"https:\/\/www.rpmt.ee\/index.php?rest_route=%2Fwp%2Fv2%2Fmedia&parent=5619"}],"curies":[{"name":"wp","href":"https:\/\/api.w.org\/{rel}","templated":true}]}}